{"id":65,"date":"2023-08-24T03:55:46","date_gmt":"2023-08-24T03:55:46","guid":{"rendered":"https:\/\/werkstatt.cl\/?post_type=product&#038;p=65"},"modified":"2023-08-24T04:03:15","modified_gmt":"2023-08-24T04:03:15","slug":"retenes-en-pulgadas","status":"publish","type":"product","link":"https:\/\/werkstatt.cl\/?product=retenes-en-pulgadas","title":{"rendered":"Retenes en pulgadas"},"content":{"rendered":"<p>Los retenes son elementos que se utilizan para estanqueizar ejes rotativos con<br \/>\nrespecto a una parte fi ja, previenen el paso del fl uido interno de trabajo o lubricaci\u00f3n al exterior, y evitan que la contaminaci\u00f3n del medio exterior (fl uido o part\u00edculas) pase al interior. Este efecto de estanqueidad se consigue a partir de un labio<br \/>\nde sellado que est\u00e1 permanentemente en contacto con el eje.<\/p>\n","protected":false},"excerpt":{"rendered":"<p>Los Retenes,\u00a0<b>impiden la fuga de aceites, grasas y otros fluidos que deben ser contenidos en el interior de las m\u00e1quinas<\/b>. Poseen en su interior un labio flexible. Normalmente su trabajo es sobre un eje rotativo con movimiento axial.<\/p>\n","protected":false},"featured_media":66,"comment_status":"open","ping_status":"closed","template":"","meta":[],"product_cat":[19],"product_tag":[],"class_list":{"0":"post-65","1":"product","2":"type-product","3":"status-publish","4":"has-post-thumbnail","6":"product_cat-retenes","8":"first","9":"instock","10":"shipping-taxable","11":"product-type-simple"},"_links":{"self":[{"href":"https:\/\/werkstatt.cl\/index.php?rest_route=\/wp\/v2\/product\/65","targetHints":{"allow":["GET"]}}],"collection":[{"href":"https:\/\/werkstatt.cl\/index.php?rest_route=\/wp\/v2\/product"}],"about":[{"href":"https:\/\/werkstatt.cl\/index.php?rest_route=\/wp\/v2\/types\/product"}],"replies":[{"embeddable":true,"href":"https:\/\/werkstatt.cl\/index.php?rest_route=%2Fwp%2Fv2%2Fcomments&post=65"}],"wp:featuredmedia":[{"embeddable":true,"href":"https:\/\/werkstatt.cl\/index.php?rest_route=\/wp\/v2\/media\/66"}],"wp:attachment":[{"href":"https:\/\/werkstatt.cl\/index.php?rest_route=%2Fwp%2Fv2%2Fmedia&parent=65"}],"wp:term":[{"taxonomy":"product_cat","embeddable":true,"href":"https:\/\/werkstatt.cl\/index.php?rest_route=%2Fwp%2Fv2%2Fproduct_cat&post=65"},{"taxonomy":"product_tag","embeddable":true,"href":"https:\/\/werkstatt.cl\/index.php?rest_route=%2Fwp%2Fv2%2Fproduct_tag&post=65"}],"curies":[{"name":"wp","href":"https:\/\/api.w.org\/{rel}","templated":true}]}}